3427?
1
What is the tens digit of 18134190?
9
What is the units digit of 1292002011?
1
What is the billions digit of 4624957418?
4
What is the ten thousands digit of 9374106?
7
What is the hundreds digit of 15196647?
6
What is the tens digit of 25966673?
7
What is the thousands digit of 3756662719?
2
What is the ten thousands digit of 425641993?
4
What is the millions digit of 988386062?
8
What is the units digit of 32486623?
3
What is the hundred millions digit of 951039302?
9
What is the thousands digit of 366898033?
8
What is the ten millions digit of 140557484?
4
What is the thousands digit of 1442780586?
0
What is the thousands digit of 45323697?
3
What is the thousands digit of 68694061?
4
What is the billions digit of 1396328932?
1
What is the hundred thousands digit of 1741275171?
2
What is the tens digit of 192034872?
7
What is the ten thousands digit of 357034573?
3
What is the millions digit of 2348845904?
8
What is the thousands digit of 12959810?
9
What is the tens digit of 88482580?
8
What is the ten thousands digit of 30789588?
8
What is the ten thousands digit of 43769921?
6
What is the millions digit of 2988941514?
8
What is the ten millions digit of 103509434?
0
What is the hundreds digit of 240445381?
3
What is the ten thousands digit of 286443996?
4
What is the millions digit of 2075835?
2
What is the ten millions digit of 837982708?
3
What is the ten millions digit of 51247568?
5
What is the hundred thousands digit of 1117096139?
0
What is the ten thousands digit of 454685516?
8
What is the ten millions digit of 99745765?
9
What is the millions digit of 84934724?
4
What is the tens digit of 266151709?
0
What is the ten millions digit of 41115390?
4
What is the thousands digit of 226532556?
2
What is the tens digit of 80622685?
8
What is the ten millions digit of 15308215?
1
What is the hundred thousands digit of 3122350?
1
What is the ten thousands digit of 48997541?
9
What is the hundreds digit of 52246518?
5
What is the hundreds digit of 48790967?
9
What is the ten millions digit of 17401499?
1
What is the ten millions digit of 594686178?
9
What is the hundreds digit of 255445346?
3
What is the hundred millions digit of 1195800197?
1
What is the units digit of 134256811?
1
What is the billions digit of 3590866929?
3
What is the billions digit of 1033451669?
1
What is the tens digit of 509331942?
4
What is the units digit of 1432570?
0
What is the hundreds digit of 16796371?
3
What is the thousands digit of 209761397?
1
What is the tens digit of 343808906?
0
What is the millions digit of 42585802?
2
What is the ten thousands digit of 294297665?
9
What is the thousands digit of 232753832?
3
What is the hundred millions digit of 6327205918?
3
What is the millions digit of 746191509?
6
What is the thousands digit of 66828311?
8
What is the hundred millions digit of 2075635802?
0
What is the hundreds digit of 500557833?
8
What is the units digit of 2927078916?
6
What is the thousands digit of 40618699?
8
What is the millions digit of 436536958?
6
What is the hundreds digit of 515471025?
0
What is the ten thousands digit of 675654490?
5
What is the ten millions digit of 65008006?
6
What is the millions digit of 863188160?
3
What is the hundred thousands digit of 215163288?
1
What is the ten thousands digit of 117549522?
4
What is the ten thousands digit of 40328032?
2
What is the ten millions digit of 951050154?
5
What is the millions digit of 6957853857?
7
What is the ten thousands digit of 33449048?
4
What is the hundred millions digit of 293341737?
2
What is the tens digit of 2063082194?
9
What is the hundreds digit of 37672488?
4
What is the tens digit of 64588118?
1
What is the hundred thousands digit of 15392608?
3
What is the ten thousands digit of 277919054?
1
What is the hundred thousands digit of 664547106?
5
What is the millions digit of 486608200?
6
What is the thousands digit of 45728946?
8
What is the units digit of 664543923?
3
What is the millions digit of 411112943?
1
What is the thousands digit of 269547311?
7
What is the thousands digit of 309825383?
5
What is the ten millions digit of 753707376?
5
What is the millions digit of 36137286?
6
What is the tens digit of 226711110?
1
What is the millions digit of 425164647?
5
What is the ten millions digit of 1967945038?
6
What is the ten thousands digit of 908939460?
3
What is the ten thousands digit of 1916908654?
0
What is the ten millions digit of 166848070?
6
What is the millions digit of 18666600?
8
What is the millions digit of 58947403?
8
What is the units digit of 26901248?
8
What is the ten millions digit of 241774745?
4
What is the hundred thousands digit of 3352719337?
7
What is the tens digit of 60178171?
7
What is the hundreds digit of 110006847?
8
What is the ten millions digit of 529331843?
2
What is the units digit of 2014543109?
9
What is the ten millions digit of 2868207502?
6
What is the millions digit of 7352257208?
2
What is the billions digit of 6697444632?
6
What is the tens digit of 6577807?
0
What is the ten millions digit of 2324671267?
2
What is the thousands digit of 2312762?
2
What is the tens digit of 5422563836?
3
What is the hundreds digit of 1102111435?
4
What is the thousands digit of 156818546?
8
What is the ten millions digit of 487394706?
8
What is the billions digit of 3841295159?
3
What is the ten millions digit of 450838528?
5
What is the hundred thousands digit of 39739855?
7
What is the ten millions digit of 37079871?
3
What is the ten thousands digit of 3289627920?
2
What is the millions digit of 2168639040?
8
What is the billions digit of 2757466279?
2
What is the millions digit of 1438350571?
8
What is the units digit of 242330299?
9
What is the thousands digit of 19822387?
2
What is the hundred millions digit of 171374080?
1
What is the hundred millions digit of 288446371?
2
What is the ten thousands digit of 5728446360?
4
What is the tens digit of 1300240227?
2
What is the ten thousands digit of 252938721?
3
What is the ten thousands digit of 6383410?
8
What is the thousands digit of 11219532?
9
What is the tens digit of 3779475075?
7
What is the hundred millions digit of 903609033?
9
What is the ten millions digit of 74680487?
7
What is the thousands digit of 6355526918?
6
What is the units digit of 38067327?
7
What is the hundred thousands digit of 6377424?
3
What is the millions digit of 1841812252?
1
What is the ten thousands digit of 46531292?
3
What is the hundred millions digit of 183335606?
1
What is the tens digit of 76501780?
8
What is the ten thousands digit of 358069115?
6
What is the hundreds digit of 496820626?
6
What is the ten thousands digit of 23481699?
8
What is the millions digit of 2502456550?
2
What is the millions digit of 518457953?
8
What is the hundred thousands digit of 6681286329?
2
What is the ten millions digit of 377302306?
7
What is the hundred thousands digit of 92602514?
6
What is the hundred thousands digit of 99831959?
8
What is the tens digit of 35298393?
9
What is the ten millions digit of 68684643?
6
What is the millions digit of 76437053?
6
What is the hundreds digit of 36176953?
9
What is the units digit of 567703619?
9
What is the tens digit of 108486981?
8
What is the millions digit of 248641741?
8
What is the thousands digit of 199366395?
6
What is the millions digit of 676685117?
6
What is the ten millions digit of 45565075?
4
What is the hundred thousands digit of 58277300?
2
What is the thousands digit of 3761758703?
8
What is the tens digit of 2672910526?
2
What is the thousands digit of 272882892?
2
What is the ten millions digit of 148187624?
4
What is the hundreds digit of 138373113?
1
What is the tens digit of 499218124?
2
What is the hundred thousands digit of 79296066?
2
What is the thousands digit of 690975924?
5
What is the tens digit of 1148528600?
0
What is the tens digit of 238831413?
1
What is the millions digit of 3151862?
3
What is the ten millions digit of 625197895?
2
What is the hundred millions digit of 159569326?
1
What is the millions digit of 190622613?
0
What is the ten millions digit of 6963040492?
6
What is the millions digit of 2040292368?
0
What is the millions digit of 531110946?
1
What is the ten thousands digit of 1255310842?
1
What is 